s 20/(-35) + (-1210)/f*82 a composite number?
True
Let n be (132/(-24))/(1/(-2)). Suppose 2*y = -n*t + 6*t + 75, 0 = -5*t + 25. Is y composite?
True
Let g = 2976 - 1775. Let f be ((-4)/5)/(1/(-895)). Let d = g - f. Is d prime?
False
Suppose -5*p + 0*u - 14 = 3*u, 5*u = -5*p - 20. Let v(f) = -f. Let d(i) = -140*i + 10. Let r(z) = p*d(z) - 6*v(z). Is r(6) a prime number?
False
Let n(h) = 13*h**3 + 10*h**2 - 54*h + 52. Is n(9) a composite number?
True
Suppose -5540 = -5*r + x, 6*x - x + 2193 = 2*r. Is r a composite number?
False
Let l(i) be the third derivative of 89*i**5/60 - i**4/12 + i**3/2 - 2*i**2. Is l(2) a prime number?
False
Suppose 5*q - 715 = 6*v - v, 0 = -2*q + 5*v + 289. Suppose -110 = -3*f - 5*m, -5*f + q = 3*m - 5*m. Let w = f + -23. Is w a composite number?
False
Let g(o) be the first derivative of o**3 + 17*o**2/2 - 2*o + 6. Let s(q) be the first derivative of g(q). Is s(12) a composite number?
False
Suppose -9*h - 141883 = -16*h. Is h a prime number?
True
Suppose -16*d = -11*d - 15. Suppose d*j - 54 - 213 = 0. Is j prime?
True
Let x(n) = -2*n - 2. Suppose -3*m = 2*m + 30. Let i be (-102)/27 + m/27. Is x(i) a prime number?
False
Is (8 - -11769)/(-6 + 12 + -5) a prime number?
True
Let o(g) = 10*g - 8. Suppose 3*a = -a + 12. Let x(c) = -9*c + 7. Let b(s) = a*o(s) + 4*x(s). Is b(-5) a composite number?
True
Let q(x) = 903*x**2 - 24*x + 28. Is q(9) a composite number?
True
Let d(v) = -356*v**3 + v**2 - 1. Let c be d(-1). Suppose 14*z = 10*z + c. Is z a prime number?
True
Is 5725/(-10)*84/(-30) a composite number?
True
Let v be 8/(-6)*(-18)/12. Suppose 3*g = v*g + 19. Suppose 0 = -h + 108 - g. Is h prime?
True
Let k(u) = -u**2 - 6*u - 3. Let z(w) = -w - 2. Let s be z(3). Let r be k(s). Suppose -v = o - 252, 0 = r*o + 3*o - 2*v - 1253. Is o a prime number?
True
Let v = 1801 + -823. Let p = v - 601. Is p composite?
True
Let x(h) be the third derivative of -h**6/120 - h**5/20 + h**4/6 - 5*h**2. Let z be x(-4). Suppose 0*w - 5*w + 695 = z. Is w composite?
False
Let d be ((-1901)/2)/((-6)/72). Suppose -9*k + 3*k = -d. Is k prime?
True
Let o(i) = 22435*i - 526. Is o(9) a composite number?
False
Is 38816 - -9 - (0 - 8) a prime number?
True
Let q be (-12)/(-90) + 15716/30. Suppose -w - 3*g + 514 = -4*g, g = -w + q. Is w a prime number?
False
Let z be 1505/2 + (-16)/32. Suppose -z = -5*v + 53. Is v prime?
False
Suppose -3*x = -0*x + 21. Let o(q) = q**2 + 8*q + 7. Let h be o(x). Suppose h = -3*g + 110 + 19. Is g composite?
False
Let k = -12 - -9. Let f be 0 - (-3*25 + k). Suppose h - 41 = f. Is h composite?
True
Let t(l) = -2*l**3 - 27*l**2 + 71*l + 37. Is t(-29) a prime number?
True
Suppose -s + 24 = 1375. Let l = -654 - s. Is l prime?
False
Let n be (-12)/(-7) - 2/(-7). Let p be -1 - n - (1 + 8). Is (180 + -2)/(p/(-30)) composite?
True
Let b = 16 + -11. Suppose 2*o + 3 = -3, -b*x + 2143 = -o. Let q = -217 + x. Is q a composite number?
False
Suppose -9 = -3*o + 27. Suppose 4*c + 4 = o. Suppose -2*d - c*d = -260. Is d a composite number?
True
Let j(w) = -3*w**2 - 3*w - 2. Let o be j(-2). Let v = o + 171. Is v a composite number?
False
Let q = -28 - -29. Suppose 0 = y - q - 1. Suppose y*i = -5*p + 177, 0 = 2*i + 2*p - 47 - 133. Is i a composite number?
True
Let h = 18004 + -10365. Is h a prime number?
True
Suppose v + 4*c + c - 5809 = 0, 4*v = -3*c + 23287. Let h = -3315 + v. Is h composite?
True
Let p = 3774 + 29. Is p prime?
True
Let y(u) = -u + 7. Let g be y(-6). Let m = -10 + g. Suppose 258 = 4*i + p + 4*p, -m*p = -5*i + 341. Is i prime?
True
Let h(v) = v**3 - 6*v**2 + 8*v + 2. Let x be h(4). Suppose 4*w - 2*s - 836 = 0, 2*w = x*s - 5*s + 434. Is w a composite number?
False
Suppose 3*y + 8 = 7*y. Suppose -y*l = 3*l + 20. Is 59*(l - (-10)/2) a prime number?
True
Suppose -15 = -3*y, 5*h - 3*y = y - 5. Suppose 0 = h*p - 366 + 27. Is p a prime number?
True
Suppose -3*j + 9 = 0, 57*j - 58*j = l - 37480. Is l composite?
True
Let f be (-28 + 25)*((-1)/(-3) - 2). Suppose 12 + 4 = 4*i, -5*n - f*i + 6825 = 0. Is n prime?
True
Let h = -93 - -89. Is (6/h)/((-3)/502) a composite number?
False
Let r(h) = 29*h**2 - h - 21. Is r(-5) a composite number?
False
Let j be 8337*(0 - 10/(-6)). Suppose -x = 6*x - j. Is x prime?
False
Let w(z) = 3*z**2 - z + 791. Let x(f) = -6*f**2 + 2*f - 1583. Let o = -24 - -33. Let l(g) = o*w(g) + 4*x(g). Is l(0) a prime number?
True
Let r(b) = -55*b + 17. Suppose -6*l = -l + 60. Is r(l) composite?
False
Suppose -4*n + 5*l + 33 = -0*l, 0 = -3*n - 3*l - 9. Suppose o + n*o = 15. Let y(s) = 13*s**2 + 6. Is y(o) a prime number?
True
Suppose 2*o = 3*o - 667. Is o composite?
True
Let i = 20 + -19. Suppose 2*l - 5*l = -18. Is -226*((-9)/l + i) a prime number?
True
Let r = -44 + 47. Suppose a - 5*w - 861 = -w, a - 859 = r*w. Is a a composite number?
False
Let w be 1*-2*(-8)/(-4). Let r be -1 + (-6)/(8/w). Suppose 0 = 5*f + 4*n - 330, r*f + n + 305 = 7*f. Is f a composite number?
True
Suppose -5*o + 1118 = -1097. Let i(f) = -f - 12. Let x be i(-14). Suppose -x*r - 87 = -o. Is r composite?
True
Let b(p) = 33*p**3 + 3*p**2 - 22*p + 45. Is b(5) composite?
True
Suppose -i = -10*i + 27. Let j(m) = -9*m**3 - m**2 + 4*m. Let u be j(3). Is u/(-7 + i) + 2 a composite number?
True
Let u be 1/(-1 - 1 - (-1846)/922). Suppose 0 = -3*b - 4*q + 5, -4 = 4*b + 4*q - 12. Suppose b*k - 4*x - 481 = 0, -5*k + 2*k = x - u. Is k a prime number?
False
Suppose 0*v - v = -1, -2*n = -3*v - 57799. Is n a prime number?
True
Let f = 15 + -14. Let b(r) = -3 + 2 + 12*r - f + 4. Is b(2) a composite number?
True
Let j = -22 - -24. Suppose 2*o = j*m - 848, -m - 2*o - 3*o + 412 = 0. Is m composite?
True
Suppose 0 = 19*z - 937908 + 168959. Is z composite?
False
Let f(h) = -h**2 - 7*h. Let y be f(3). Is 1924/6 + y/18 a composite number?
True
Let p = 2 + -2. Suppose -10*i + 8*i + 130 = p. Suppose -d + i + 120 = 0. Is d composite?
True
Suppose -6*t - 344 = -10*t. Is t a composite number?
True
Let c(l) = l**3 + 27*l**2 + 12*l - 9. Let r be c(-24). Let k = r - 734. Is k a prime number?
False
Let r(t) be the second derivative of t**5/20 - 7*t**4/12 + t**3/3 + t**2/2 - 4*t. Is r(10) a prime number?
False
Let r be 42/7*(-1)/(-6). Let f(v) = r + 6*v - 1 + 2 + 3*v. Is f(9) a prime number?
True
Suppose 4*g + 14 = 2*g. Let d be (-3 - g) + -5 - 17309. Is (-1)/(3/d*2) a prime number?
False
Let i(u) = -2*u - 1. Let v be i(-3). Let n = 326 + -196. Suppose 0 = -v*q + n - 25. Is q prime?
False
Suppose -5*k + 8*k - 21 = 0. Let t be k/7 + (0 - -2). Suppose o = 4*w - 869, w - t*o = -4*w + 1088. Is w composite?
True
Is (-66)/11 - -3 - -2582 a prime number?
True
Let w be 36/10*20/8. Suppose -w = 2*b + 5*x, -3*b - 5*x - 1 = 5. Suppose -3*g - 222 = -5*u + b*u, -4*u + 444 = -2*g. Is u composite?
True
Let q(b) be the third derivative of b**5/60 + b**4/24 - 3*b**3/2 + 15*b**2. Is q(-4) a prime number?
True
Let o be 1080/(-14) - (-1)/7. Is 14/o + (-3986)/(-22) a composite number?
False
Let o = 862 - -1077. Is o a composite number?
True
Suppose 2*r + 7324 = -5*f + 7*f, -5*r + 10978 = 3*f. Is f a prime number?
False
Suppose -4*x + 6 - 6 = 0. Suppose -5*f = -11 + 1. Suppose d + 2 = -2*m - f, x = d + 4*m + 14. Is d a prime number?
False
Let d(h) = 2*h**2 - 20*h - 41. Let x be d(18). Let c = x + -125. Is c composite?
True
Let g = -258101 + 368520. Is g prime?
True
Let a(y) = 2*y**2 - 13*y - 22. Let b be a(10). Let o = 285 - b. Is o a composite number?
True
Let m(v) = v + 40. Let s be m(-16). Let g(c) = c**3 - 8*c**2 + 7*c - 11. Let q be g(10). Let y = q - s. Is y a composite number?
True
Let o = -1 - -1. Let v be o - -3 - 5610/(-3). Suppose -4*w - 2368 = -4*a, 3*w + v - 684 = 2*a. Is a composite?
False
Suppose -c = -3*z + 543, 0 = -2*z + 2*c - 5*c + 373. Suppose 5*w - 220 = 5*l, -l - 22 = -5*w + z. Is 6*(w/6 + -1) a composite number?
True
Is (-17564)/(-10)*(-395)/(-158) a composite number?
False
Let v(g) = -24*g**2 + 15*g + 3. Let o(h) = 12*h**2 - 8*h - 1. Let p(t) = -7*o(t) - 4*v(t). Let x be (2/(-3))/((-4)/(-72)*2). Is p(x) a prime number?
False
Let v be 19290/22 - 8/(-44)*1. Suppose -n - 672 = -3*d, 4*d = -2*n - 3*n + v. Is d a prime number?
True
Let a(d) = -d**3 + 5*d**2 + 5*d + 8. Let t be a(6). Suppose t*b = -2*w + 3132, 10*b - 3*w = 5*b + 7790. Is b composite?
True
Let r be (-23)/(-92) + 14/8. Sup